 4. What are the prime factors of r(13)?
2, 5, 47
Let k(q) = 7*q**2 - q - 1. Let t be 6/(4 - 2 - 0). Suppose -3*r + 2*p = 0, t*p = 4*r + 2 - 1. What are the prime factors of k(r)?
5
Suppose -12*u + 3830 = 5*i - 10730, -3*i = -4*u - 8792. List the prime factors of i.
2, 17, 43
Suppose 13489 = 4*h + 1025. What are the prime factors of h?
2, 19, 41
Let s = 714 + 827. List the prime factors of s.
23, 67
Let t(j) be the third derivative of 11/3*j**3 + 5*j**2 + 0*j + 1/24*j**4 + 0. List the prime factors of t(-10).
2, 3
Let l(c) = 4*c - 2. Let t be l(8). Let d = t - -17. What are the prime factors of d?
47
Let h(g) = g**3 + 6*g**2 + 2*g - 11. Let s be h(-5). Suppose 3*z + s*a = 46 + 106, 25 = 5*a. What are the prime factors of z?
2, 11
Suppose -60 = -3*q - 3. Suppose -2*o + 5*o = -4*y + 178, 2*o = 4. Suppose q = 2*u - y. List the prime factors of u.
31
Suppose -1216 = 976*u - 980*u. What are the prime factors of u?
2, 19
Suppose -3*a - 1 = -4*p, 5*a - 5*p + 0 = 5. Suppose -a*u = -3*u - 206. What are the prime factors of u?
103
Let o be 4/(-6)*-45*1. Suppose 9*b + 18 = -3*d + 4*b, o = -5*d - b. List the prime factors of (d/4)/(15/(-220)).
2, 11
Let d = 1521 - 1045. List the prime factors of d.
2, 7, 17
Suppose z + 663 = -372. List the prime factors of (z/25)/(12/(-40)).
2, 3, 23
Let o be (-1)/((-69)/(-36) + -2). Let k(f) = f**2 - 10*f - 24. Let s be k(o). Suppose -5*n + 92 + 98 = s. List the prime factors of n.
2, 19
Suppose 5*m - 3361 = -1111. What are the prime factors of m?
2, 3, 5
Let d(r) = 4*r - 76. Let g be d(18). What are the prime factors of g/(-18) - 10734/(-54)?
199
Suppose -12*o = -9*o - 6. Let w(k) = -1 + k**3 + o + 7 - k**2. List the prime factors of w(0).
2
Let m = -11 - 41. Let a = 71 + m. What are the prime factors of a?
19
Suppose -2*h + w = 2*h - 11, -2*w = h - 5. Suppose 2*z = -4*p + 2*p - 4, -3*p - 24 = -h*z. Let q = z + 0. What are the prime factors of q?
3
Let f = -103 + 809. What are the prime factors of f?
2, 353
Suppose 14*o - 5484 = 12*o + 4*s, -4*o - 2*s + 11008 = 0. List the prime factors of o.
2, 5, 11
Let s = 34 + -34. Suppose s = a - 28 - 1. What are the prime factors of a?
29
Suppose 0 = -2*b + 4. Suppose b*a + 4*o + 12 = 0, 4*a - a + 7 = 5*o. What are the prime factors of a + 5 - (0 + -1)?
2
Let z be (-4)/(-14) + 15/21. Suppose 3*t - y - 9 = 0, 5*t = -2*y + 3 + z. Suppose -54 - 16 = -t*h. List the prime factors of h.
5, 7
Suppose 0 = 5*u + 299 - 879. Suppose -u = -5*k + 3*k. Suppose d - 32 = 5*l, -4*l = 3*d - 0*l - k. What are the prime factors of d?
2, 11
Suppose 3*t = -5*r + 753, -t = -r + 2*t + 147. List the prime factors of r.
2, 3, 5
What are the prime factors of 1/(-2) + 210/(-36)*-501?
2, 3, 487
Suppose -5*i = -7*i + 348. Let j = -58 + i. List the prime factors of j.
2, 29
Let m(y) = -2*y - 12. Let n be (-1)/6 - 147/(-18). Let f(k) = 5*k + 36. Let a(l) = n*m(l) + 3*f(l). What are the prime factors of a(-9)?
3, 7
Let x be -4*2*4/(-32) + 66. Suppose 6*g - 5*g = x. What are the prime factors of g?
67
Suppose 25 = 2*f - 4*u + 1, 0 = 2*u + 4. Suppose 0 = f*k - 524 - 148. What are the prime factors of k?
2, 3, 7
Suppose 4*t - 41*i + 46*i - 8998 = 0, 3*i + 6 = 0. List the prime factors of t.
2, 563
Let l = 154 + 62. Let x(s) = -13*s**3 - s. Let y be x(1). List the prime factors of 4/y - l/(-21).
2, 5
Let t be 1 + 6/2 + -2. Suppose 0 = -4*x - j + 238, 0 = -t*x + 3*j + 20 + 106. List the prime factors of x.
2, 3, 5
Let i(x) = x**3 - 4*x**2 + 3. Let n = -11 + 15. Let j be i(n). Suppose c - 5*a = 14, -2*c - 3*a - 10 = -j*c. List the prime factors of c.
2
Suppose 12*o = 9*o + 990. List the prime factors of o.
2, 3, 5, 11
Suppose -3*l = 0, -4*h - 5*l - 39 = -h. Let p = 12 + h. Let x(f) = 9*f**2 + 1. What are the prime factors of x(p)?
2, 5
Let z(k) = 4*k**2 - 6*k + 6. Let a = -11 + 15. Let c be z(a). Suppose -c = 3*l - 121. List the prime factors of l.
5
Let l be 50/(2/(3 + (3 - -9))). Suppose l - 105 = 9*o. What are the prime factors of o?
2, 3, 5
Suppose -206340 = 14*l - 74*l. What are the prime factors of l?
19, 181
Let y = 3645 - 2270. List the prime factors of y.
5, 11
Let c(b) = 10*b**2 + 7*b - 6. List the prime factors of c(8).
2, 3, 5, 23
Let x(v) = v**3 + v + 4. Let a be x(0). Suppose 5*m = m + g + 87, -3*m - a*g + 70 = 0. Let r = -19 + m. List the prime factors of r.
3
Let i(f) = -6*f - 16. Let x be -6 + 4*1/(-2). Let u = -15 - x. What are the prime factors of i(u)?
2, 13
Let z be (237/6)/(1/(-2)). Let h = z - -131. What are the prime factors of h?
2, 13
Let n = -14 - -14. Let y be (-1 + n)*(-24)/6. Suppose 2*q + 0*q = -3*f + 25, 3*q - 12 = y*f. What are the prime factors of q?
2
Let y(n) = n + 14. Let r be y(-12). Suppose -j + 2*j - 2 = 0. List the prime factors of 3 + j + (-2)/r.
2
Let v(b) = 33*b**2 - b + 19. What are the prime factors of v(5)?
839
Suppose -4392*g + 4398*g = -54. Let z = -103 + 147. Let h = z + g. List the prime factors of h.
5, 7
Let a = 1624 - 1363. List the prime factors of a.
3, 29
Let v(q) = 2*q**2 + 9*q + 10. Let d be v(11). Suppose -3*t + 309 = -d. What are the prime factors of t?
2, 5, 11
Let g = 5573 - 2535. List the prime factors of g.
2, 7, 31
Let u(f) be the second derivative of f**3/6 - 5*f**2 - 4*f. Let h be u(12). Suppose 4*c = 4*r - 148, r + h*r = -c + 99. List the prime factors of r.
2, 17
Let h(a) = -a**3 - 7*a**2 + 10*a + 5. Let j be h(-8). Let p be 48/22 - (-2)/j. Suppose 3*d + 5*l - 14 - 32 = 0, p*l + 32 = 3*d. What are the prime factors of d?
2, 3
Let c(l) = -33*l**3 - 5*l**2 - 2*l - 4. What are the prime factors of c(-5)?
2, 2003
Let u be (-1626)/4 - 3/(-6). Let g = 250 + u. List the prime factors of (-2 + 3)/((-4)/g).
3, 13
Let h(z) = -z**2 + 7*z. Let x be h(6). Suppose -r - 4*l + 81 = 0, l - x*l + 250 = 3*r. What are the prime factors of r?
5, 17
Let y be 2 - 1 - (4 - (11 - 6)). List the prime factors of (24 + 0)*(5 - 6/y).
2, 3
Let g be (-566)/(-3)*9/(-6). Let h = g - -163. List the prime factors of (7 - 1)*h/(-36).
2, 5
Suppose l = 65 + 33. Let j be 128/(-3) - (-17)/(-51). Let y = l + j. List the prime factors of y.
5, 11
Suppose 5*d - 1443 = -2*u, -3*u + 0*d = 2*d - 2159. What are the prime factors of u?
719
Suppose -2 + 6 = 4*o. Let d be o + -5 + 4 + -4. What are the prime factors of (d - (-28 - 1)) + 3?
2, 7
Let y = 4 - -203. List the prime factors of y.
3, 23
Let q(o) = 13*o**2 - 6*o + 4. Let c(h) = -13*h**2 + 5*h - 3. Let v(a) = -5*c(a) - 4*q(a). What are the prime factors of v(2)?
7
Let i(z) = -5*z + 217. What are the prime factors of i(0)?
7, 31
What are the prime factors of 144*(-4 + (-11)/(-2)) + 0?
2, 3
Let w(f) = 2*f**3 - 7*f**2 - 5*f + 1. Let i be w(4). Let q = 25 - i. List the prime factors of q.
2, 7
Suppose 0 = -25*n + 20*n. Suppose 5 = d - n. List the prime factors of d.
5
Let c = 1714 - 875. What are the prime factors of c?
839
Let v(f) = 3*f**2 - 9*f + 6. Let k(o) = o**2 - o. Let z(i) = 2*k(i) - v(i). Suppose 0 = -4*d + 11 + 1. What are the prime factors of z(d)?
2, 3
Let n = 53 + -28. Suppose n = 4*c - 35. List the prime factors of c.
3, 5
Suppose h = 8*h - 14. Let w(o) = 11*o + 8. List the prime factors of w(h).
2, 3, 5
Suppose 0 = 3*y - 3363 - 1575. List the prime factors of y.
2, 823
Suppose -2*h + 6 + 4 = 0. Suppose -3*z + 2*z = -h. Suppose 2*w + z*b = 43 - 8, 0 = w - b. List the prime factors of w.
5
Let x = -23 - -26. Suppose x*c + 2*z - 87 = 0, -2*c + 5*z = -25 - 14. Suppose -c*q + 215 = -22*q. What are the prime factors of q?
43
Let v be (-19)/(-3)*3 + (-6)/(-2). What are the prime factors of (v/(-5))/((-3)/105)?
2, 7, 11
Let s be (-2)/(-8) - 9/36. Suppose 2*b = -s*b. Suppose b = 5*c - 4*c - 29. What are the prime factors of c?
29
Let x(d) = -84*d + 6. Let m be x(-2). Suppose 5*g + m = 8*g. List the prime factors of g.
2, 29
Let u be 54/(-24)*512/(-6). Suppose 0 = -g - 2*g - 2*k + 119, 5*g - 3*k = u. List the prime factors of g.
3, 13
Let w = 1 - 1. Let p(t) be the third derivative of -t**6/120 - t**5/60 + 8*t**3 - 11*t**2. List the prime factors of p(w).
2, 3
Suppose 4*u = -2*j + 6390 - 2230, j - 5*u = 2073. List the prime factors of j.
2, 1039
Let n be ((-6)/(-9))/(6/27). Let y be -4*1 + n + 9. List the prime factors of y/(-2) - -2 - -17.
3, 5
Suppose -16840 = 11*w - 31*w. What are the prime factors of w?
2, 421
Suppose -n = -2*l + 5